e highest common factor of 3627975 and 25?
25
What is the greatest common divisor of 6177 and 783?
87
Calculate the highest common factor of 624 and 1677.
39
Calculate the highest common divisor of 567 and 22869.
189
What is the highest common divisor of 24390984 and 2404?
2404
Calculate the highest common factor of 130143 and 639.
213
What is the greatest common factor of 15700 and 22900?
100
What is the greatest common factor of 50 and 149415?
5
Calculate the greatest common divisor of 341 and 3677003.
341
Calculate the highest common factor of 25770 and 4740.
30
What is the highest common factor of 129303 and 27?
27
What is the greatest common factor of 340571 and 308?
77
Calculate the highest common factor of 144 and 336573.
9
What is the highest common divisor of 55929 and 8343?
309
Calculate the greatest common divisor of 513614 and 710.
142
What is the greatest common divisor of 117 and 903?
3
What is the greatest common factor of 1695 and 66444?
339
What is the greatest common divisor of 7690 and 6190?
10
Calculate the highest common divisor of 132 and 932184.
132
What is the highest common factor of 142332 and 8004?
348
What is the greatest common divisor of 574605 and 2712?
339
Calculate the greatest common factor of 43430 and 170.
10
What is the highest common factor of 8658 and 324?
18
What is the highest common factor of 1376 and 45752?
344
Calculate the highest common factor of 2704 and 8944.
208
What is the highest common divisor of 42088 and 136?
8
Calculate the highest common divisor of 850 and 1050.
50
What is the highest common factor of 76903 and 689?
53
What is the highest common divisor of 3667 and 129827?
19
What is the highest common factor of 2542 and 2214?
82
What is the highest common factor of 9056 and 68486?
566
Calculate the greatest common divisor of 31330 and 221.
13
What is the greatest common divisor of 456 and 3288?
24
What is the greatest common divisor of 369 and 86633?
41
Calculate the greatest common factor of 286 and 14768.
26
Calculate the greatest common factor of 47726 and 7.
7
Calculate the highest common divisor of 40795 and 1435.
205
Calculate the greatest common factor of 120 and 68550.
30
Calculate the highest common divisor of 3842 and 50850.
226
What is the greatest common factor of 374 and 155507?
11
What is the greatest common factor of 1018 and 6742214?
1018
What is the highest common factor of 9399 and 3705?
39
Calculate the greatest common factor of 10040 and 4.
4
What is the greatest common factor of 150 and 654?
6
Calculate the greatest common factor of 132128 and 96.
32
Calculate the highest common factor of 4 and 593880.
4
What is the highest common divisor of 859540 and 880?
220
Calculate the highest common factor of 76136 and 26350.
62
What is the greatest common factor of 8493 and 9633?
57
Calculate the greatest common factor of 575 and 452157.
23
What is the highest common divisor of 418 and 131582?
22
Calculate the highest common divisor of 111722 and 169.
13
What is the highest common factor of 40677 and 234?
39
Calculate the highest common divisor of 11655 and 189.
63
What is the greatest common factor of 3219 and 8917?
37
Calculate the highest common divisor of 98 and 1454.
2
Calculate the greatest common factor of 1029 and 87808.
343
Calculate the greatest common factor of 656 and 320948.
164
Calculate the greatest common divisor of 1086 and 150411.
543
Calculate the greatest common factor of 40004 and 1370.
274
Calculate the greatest common divisor of 2516 and 4107.
37
Calculate the greatest common factor of 191664 and 1056.
528
Calculate the highest common divisor of 68970 and 60.
30
What is the greatest common divisor of 519 and 80618?
173
What is the greatest common factor of 117 and 76583?
13
What is the greatest common factor of 21536 and 32?
32
What is the greatest common factor of 60 and 612700?
20
What is the highest common factor of 3973 and 928?
29
Calculate the highest common divisor of 756 and 6629.
7
What is the greatest common factor of 3641 and 10592?
331
What is the greatest common divisor of 570 and 1305110?
190
Calculate the greatest common factor of 2382 and 7656939.
1191
Calculate the highest common factor of 2 and 8677.
1
What is the highest common factor of 464324 and 276?
92
Calculate the greatest common factor of 10797 and 1.
1
Calculate the highest common factor of 935 and 1375.
55
What is the highest common factor of 77 and 1441?
11
Calculate the greatest common divisor of 1831957 and 978.
163
Calculate the greatest common factor of 216 and 27776.
8
What is the greatest common factor of 352946 and 12749?
671
What is the highest common divisor of 36 and 76797?
9
What is the highest common divisor of 427 and 77?
7
What is the greatest common factor of 684834 and 12?
6
Calculate the highest common factor of 1344 and 609.
21
What is the greatest common divisor of 2085501 and 66?
33
What is the greatest common divisor of 57701 and 7?
7
Calculate the greatest common factor of 652 and 31459.
163
Calculate the greatest common factor of 584 and 64.
8
What is the highest common divisor of 2 and 42821?
1
Calculate the highest common factor of 24395 and 19635.
595
What is the greatest common factor of 291 and 52865?
97
What is the greatest common factor of 3215172 and 84?
12
What is the highest common divisor of 19177 and 2159?
127
What is the highest common divisor of 70332 and 4?
4
What is the highest common divisor of 1605 and 330?
15
Calculate the highest common divisor of 376 and 191384.
376
What is the greatest common factor of 18836 and 1564?
68
Calculate the highest common divisor of 72 and 8650116.
36
What is the highest common factor of 31549 and 224?
7
Calculate the highest common divisor of 189 and 2373819.
21
What is the highest common divisor of 3551576 and 14?
14
Calculate the greatest common divisor of 7425 and 765.
45
Calculate the greatest common factor of 596358 and 56.
14
What is the greatest common divisor of 284 and 340374?
142
What is the highest common factor of 130720 and 8?
8
What is the highest common divisor of 41440 and 42?
14
What is the greatest common divisor of 2457 and 635544?
819
What is the highest common factor of 6447 and 6754?
307
What is the highest common factor of 7015 and 1035?
115
What is the highest common divisor of 58925 and 155?
5
What is the highest common factor of 144 and 150804?
36
Calculate the greatest common factor of 360 and 127680.
120
What is the highest common divisor of 3489964 and 2312?
1156
Calculate the greatest common divisor of 812 and 118436.
116
Calculate the highest common factor of 187596 and 81.
81
What is the greatest common divisor of 12799455 and 1095?
1095
What is the greatest common factor of 15354 and 216?
18
Calculate the highest common divisor of 56265 and 33.
33
Calculate the highest common divisor of 103360 and 13889.
323
What is the greatest common factor of 63 and 1383606?
63
What is the greatest common factor of 74 and 39512?
2
Calculate the greatest common factor of 1988 and 224.
28
Calculate the greatest common factor of 47542 and 517.
11
What is the greatest common factor of 880 and 1945240?
440
What is the highest common factor of 45 and 905?
5
What is the highest common divisor of 3969 and 6543?
9
What is the highest common factor of 48 and 1745904?
48
What is the highest common factor of 256790 and 10?
10
What is the highest common factor of 166713 and 549?
183
What is the highest common divisor of 1980 and 416295?
495
Calculate the greatest common divisor of 38340 and 432.
108
Calculate the greatest common factor of 1956 and 72.
12
Calculate the highest common factor of 7527 and 206317.
193
Calculate the greatest common divisor of 174 and 140766.
174
Calculate the highest common factor of 416 and 3601728.
416
What is the highest common factor of 3248 and 15138?
58
What is the greatest common factor of 144 and 1290?
6
What is the greatest common factor of 3305206 and 1709?
1709
What is the greatest common divisor of 4174572 and 10510?
2102
What is the highest common divisor of 77 and 27293?
7
What is the greatest common factor of 10688 and 1002?
334
What is the greatest common factor of 1554 and 366?
6
What is the greatest common factor of 6578 and 286?
286
Calculate th